 8. List the prime factors of f(-6).
2, 5, 23
Let h = -1197 - -2879. What are the prime factors of h?
2, 29
Let a(w) = -w**2 + 5*w - 3. Let c be a(5). Let b = 4 + c. List the prime factors of ((-11)/(-2))/(b/2).
11
List the prime factors of 598/104*(-1)/(1/(-28)).
7, 23
Let i(b) = 32*b + 110. Let q(j) = 11*j + 37. Let r(n) = -6*i(n) + 17*q(n). List the prime factors of r(-16).
7
Suppose -4*c = -2*n - 18, 2*n = -0*c + 3*c - 15. Suppose 3*p + 3 = -c. Let l = p + 24. What are the prime factors of l?
2, 11
Suppose 1087 = 5*v + 5*k - 923, -2*k - 1632 = -4*v. List the prime factors of v.
2, 7, 29
Let g(r) = -13*r**3 - 9*r**2 - 20*r + 38. List the prime factors of g(-6).
2, 1321
Let y(w) = w - 11. Let x be y(5). Let p be x/4*800/(-6). What are the prime factors of (p/16)/((-1)/(-2))?
5
Let b(v) = -v**3 + 15*v**2 + 230*v - 29. What are the prime factors of b(24)?
307
Let x(f) = f + 10. Let d be x(-7). Suppose -d = r - 0. List the prime factors of (-20 + (-2 - r))*-1.
19
Suppose -73 = -5*z - 23. Suppose z - 15 = -w. What are the prime factors of w?
5
Suppose -3*s + 1665 = -3*t, -29 = s + 5*t - 554. List the prime factors of s.
2, 5, 11
Let s be 650/14 + 3/(-7). Suppose s = 2*d - 64. Suppose -d = 4*c - 219. List the prime factors of c.
41
Let f = -4 + 7. Suppose -4*g = -m - 500, -f*g - 2*m + 356 = 2*m. List the prime factors of g.
2, 31
Suppose 3*g = 2*s - 256, g - 4*s + s = -83. Let j = 1 - g. What are the prime factors of j?
3, 29
Let z(x) = -4*x + 34. Suppose 3*p = 3*j + 66, p + 25 = -4*p. List the prime factors of z(j).
2, 71
Let y be -1 + (1 + (-6)/(-3) - -94). Let o be (-52)/(4/((-8)/(-2))). Let j = o + y. List the prime factors of j.
2, 11
Let d(k) = k**2 - 4*k + 1. Suppose -3*t + t - 28 = 0. Let b be d(t). Suppose 4*j = 5*n + b, -2*j - 42 = -3*j - 3*n. List the prime factors of j.
3, 19
Let i(c) = -25*c - 135. What are the prime factors of i(-13)?
2, 5, 19
Let z(w) = -106 + 219 - w**2 - 25*w - 115. List the prime factors of z(-21).
2, 41
Let y be ((-6)/(-4) - 0)*(-220)/(-33). Suppose y*p - 39 = 161. List the prime factors of p.
2, 5
Let f = -3 + -3. Let d = f - -9. Suppose 4*w = t + 24, -d*w + 19 = 5*t - 22. List the prime factors of w.
7
List the prime factors of 10218/52 + (-3)/2.
3, 5, 13
Suppose 50 = -u + k, 122 = -3*u - 52*k + 48*k. Let c be 0 + 83 - 1/(-1). Let s = u + c. What are the prime factors of s?
2, 19
Let k(b) = -b**3 - b**2 - 2*b - 1. Let q be k(-3). Suppose -q = -3*s + 5*p, 3*s - 7*s + 49 = -3*p. What are the prime factors of s?
2
Suppose -28 = -4*p + 44. Suppose 2*q = -q + p. List the prime factors of 63/q*2 - 1.
2, 5
List the prime factors of 11 - (-8)/(-20)*15 - -26.
31
Suppose -3*o = -2*p + 314, 5*o - 4*p - 202 = -726. Let h = o + 253. What are the prime factors of h?
149
Let y = 149 + 27. What are the prime factors of y?
2, 11
Suppose -2*z + 3*y = -16, 3*z - 2 - 12 = 2*y. Suppose -z*s + 46 = -s. Suppose -4*o + 4*t = o - 34, -5*o + s = -t. What are the prime factors of o?
2, 5
Suppose -4*f = 2*q - 416, q = 4*f + 131 + 95. List the prime factors of q.
2, 107
Suppose 0 = -y + 3 + 1. Suppose 0 = w - o - 269, o - y*o + 273 = w. List the prime factors of w/14 - (-20)/(-70).
19
Let c(b) = -b**3 + 13*b**2 - b - 11. Let j be c(13). Let h be 114/(-4)*112/j. Suppose -q = -3*q + 5*p + 67, 5*q - p - h = 0. What are the prime factors of q?
2, 13
Let g = -151 - -636. List the prime factors of g.
5, 97
What are the prime factors of (-2)/12 + (-974435)/(-462)?
3, 19, 37
Let b = 1353 + -682. What are the prime factors of b?
11, 61
Suppose 0 + 81 = 3*z. Let g = 23 - z. What are the prime factors of (18/g + 2)*-32?
2, 5
Let s = 114 - 112. Suppose -5*d - 252 = -2*c - 4*d, 3*c - s*d = 377. What are the prime factors of c?
127
Suppose 17*y = -5*y + 8030. List the prime factors of y.
5, 73
Let m(i) = -i. Let l be m(-2). Let d = -8 - -14. List the prime factors of l + 3 + (d - 2).
3
Suppose 5*p = 24 + 41. Suppose -16*i + 213 = -p*i. List the prime factors of i.
71
What are the prime factors of (1026 + (-2 - -10))*1?
2, 11, 47
List the prime factors of ((-270)/6)/(4/5 - 1).
3, 5
Let d be 1/(4 + (-60)/16). What are the prime factors of 16/(d/32*2)?
2
Let g(k) = -k**2 - 6*k + 5. Let x(f) = 2*f**2 + 13*f - 9. Let r(m) = -9*g(m) - 4*x(m). Let l be r(-4). List the prime factors of -2 - (l + -4 + -10).
13
Let i = -1334 + 3736. List the prime factors of i.
2, 1201
Let f(c) = -c**3 - 8*c**2 - 3*c - 19. Let l be f(-8). Suppose -3*u + 0*u = q - 96, l*q - u - 464 = 0. List the prime factors of q.
3, 31
Let h = 624 + 280. List the prime factors of h.
2, 113
Suppose -217 = -2*p + z, 2*p - 223 = z + 2*z. What are the prime factors of p?
107
List the prime factors of 40686/24 + 2 + (-18)/8.
3, 5, 113
Let l = -48 - -20. Let i be 2 - (2 + 0) - l. Let j = 47 - i. What are the prime factors of j?
19
Suppose 17*o - 21670 + 3429 = 0. What are the prime factors of o?
29, 37
Let o(g) = g**2 + 5*g - 10. Let l be o(2). Suppose l*n = -n + 5*t + 1655, -3*n + 4*t = -989. List the prime factors of n.
5, 67
Let z(o) = -2*o + 12. Let i be z(3). Suppose -102 - i = -6*b. List the prime factors of b.
2, 3
Suppose 5*z + 45 = 255. Suppose -2*m + 3*m - z = 0. What are the prime factors of m?
2, 3, 7
Suppose 5*n = 153 - 748. Let u = -49 - n. List the prime factors of u.
2, 5, 7
Let m = -149 + 312. What are the prime factors of m?
163
Suppose -31*b = 9182 - 37206. What are the prime factors of b?
2, 113
Let q be 1*-35 + 3 + 3. List the prime factors of q/(-1) + 4 + 0.
3, 11
Let f be 4/(-4) + -8 + -3. Let l be (-34)/f - (-1)/6. Suppose -b = 3*b + l*v - 159, 5*v = 3*b - 83. List the prime factors of b.
2, 3
Let y be (2 + -5)/(-3)*42. Suppose y = r - 18. What are the prime factors of r?
2, 3, 5
Let l = 67 + 65. What are the prime factors of l?
2, 3, 11
Let r be (-2)/((3/(-6))/1). What are the prime factors of (-1)/r + 457/4 + -2?
2, 7
Suppose -9*x - 168 = -15*x. Suppose -x*i - 27 = -31*i. What are the prime factors of i?
3
Let i(j) = 2*j**3 + 28*j**2 + 2*j + 62. What are the prime factors of i(-7)?
2, 367
List the prime factors of (-19908)/(-20) + (-7)/5 + 2.
2, 3, 83
Suppose 2*l = 2*d - 4*d - 2, 4*d - 5*l + 4 = 0. Let c be d/(-3*(-2)/264). Let q = 4 - c. List the prime factors of q.
2, 3
Let o(p) = -p**2 - 5*p - p + 9 + 11*p + 4*p. Let d be o(9). Let t = d + 6. List the prime factors of t.
3, 5
Let h(m) = m**3 + 3*m**2 + 2*m - 3. List the prime factors of h(6).
3, 37
Let g be -4*(-2 + 250/8). Let o = -48 - g. Suppose -130 = -5*y - 4*f, -f - o = -2*y - 4. List the prime factors of y.
2, 3, 5
Let z = -360 + 499. List the prime factors of z.
139
What are the prime factors of 6/(-14) - (-72413)/77?
2, 5, 47
Let v = -4 - -11. Suppose 2*q = v*q - 500. Suppose 0*d - q = -5*d + 2*a, 0 = 3*d - 2*a - 64. List the prime factors of d.
2, 3
Let c be (-9)/(54/8)*-3. Suppose 3*z - 247 = 3*m + m, -332 = -c*z + 4*m. What are the prime factors of z?
5, 17
Let c(y) = -y**2 + 12*y + 3. Let p be c(7). Let s be (-2 + -1)*28/6. Let z = s + p. What are the prime factors of z?
2, 3
Suppose -2096 = -179*k + 177*k. What are the prime factors of k?
2, 131
Let d(q) = q**3 + 7*q**2 + 5*q - 3. Let b be d(-4). Suppose -b*i + 20*i + 205 = 0. Let g = 77 - i. List the prime factors of g.
2, 3
Let s(l) be the first derivative of -l**2/2 - 4*l - 2. Let y be s(-4). Suppose 4*c + y*c - 36 = 0. What are the prime factors of c?
3
Suppose 8*r - 6*r = 148. What are the prime factors of r?
2, 37
Suppose 5 - 11 = -3*g. Suppose 0 = g*a - 42 + 6. What are the prime factors of a?
2, 3
Let m(p) = 86*p**2 + 6*p + 5. Let k be m(-2). Let d = -172 + k. What are the prime factors of d?
3, 5, 11
Let v = 1803 + -827. What are the prime factors of v?
2, 61
Let m = 45 + 37. Suppose 3*a - m = -3*r + 80, -5*r = 2*a - 285. List the prime factors of r.
59
Let c(y) = -y**2 + 20*y + 31. Let x be c(21). Let m(s) = 2*s + 51. List the prime factors of m(x).
71
Suppose 3*y + 5*n - 125 = 897, -2*n = 3*y - 1028. What are the prime factors of y?
2, 43
Suppose 2*y = 1 + 9. Suppose -1008 = -13*t + y*t. What are the prime factors of t?
2, 3, 7
Let g(b) = 75*b**2 + 17*b - 73. What are the prime factors of g(-6)?
5, 101
Let g = 1657 - 1171. Suppose -g = -6*k - 36. List the prime factors of k.
3, 5
Let k(g) be the third derivative of g**5/60 - 7*g**4/12 + 7*g*